e
Is 21683 a prime number?
True
Is 230369 composite?
False
Is 8885 a composite number?
True
Is 22931 a prime number?
False
Is 312838 composite?
True
Is 444413 composite?
True
Is 789079 a composite number?
True
Is 126359 a composite number?
False
Is 144817 composite?
False
Is 130565 a composite number?
True
Is 917 prime?
False
Is 465259 a prime number?
True
Is 211403 a prime number?
True
Is 4193 a composite number?
True
Is 150649 prime?
True
Is 1049717 a composite number?
False
Is 514309 a composite number?
False
Is 78839 a composite number?
False
Is 240719 prime?
True
Is 35897 composite?
False
Is 12637 a prime number?
True
Is 18191 a composite number?
False
Is 313499 composite?
True
Is 39757 a composite number?
True
Is 419 a composite number?
False
Is 107053 a composite number?
False
Is 103715 prime?
False
Is 2281 a composite number?
False
Is 1078823 a composite number?
True
Is 19223 a prime number?
False
Is 89261 a composite number?
False
Is 110945 composite?
True
Is 52519 a composite number?
True
Is 1049773 composite?
False
Is 584114 a composite number?
True
Is 289631 composite?
True
Is 889 composite?
True
Is 33227 a composite number?
True
Is 23101 a composite number?
True
Is 30553 a prime number?
True
Is 14969 composite?
False
Is 2343989 composite?
False
Is 4855 a composite number?
True
Is 506743 a composite number?
False
Is 1357 composite?
True
Is 57317 a prime number?
False
Is 22469 a composite number?
False
Is 2411 prime?
True
Is 101245 composite?
True
Is 25243 a prime number?
True
Is 33127 prime?
False
Is 14081 a composite number?
False
Is 27941 a composite number?
False
Is 839 a prime number?
True
Is 1817 a prime number?
False
Is 41671 a composite number?
True
Is 68261 a prime number?
True
Is 3863 a prime number?
True
Is 1109473 prime?
True
Is 159331 a prime number?
False
Is 14909 prime?
False
Is 121585 composite?
True
Is 8683 a composite number?
True
Is 1361 prime?
True
Is 78341 a composite number?
False
Is 4889 prime?
True
Is 5839 composite?
False
Is 7309 composite?
False
Is 3808759 composite?
True
Is 12399 prime?
False
Is 60029 a prime number?
True
Is 22955 a prime number?
False
Is 1745 composite?
True
Is 4621 prime?
True
Is 10847 prime?
True
Is 376949 a prime number?
True
Is 38261 a composite number?
False
Is 169817 a prime number?
True
Is 490417 a prime number?
True
Is 22343 composite?
False
Is 43427 composite?
False
Is 256819 a composite number?
True
Is 34097 a prime number?
False
Is 77773 composite?
False
Is 114339 composite?
True
Is 133219 a composite number?
True
Is 20507 prime?
True
Is 20617 prime?
False
Is 5297 a prime number?
True
Is 1984919 a composite number?
True
Is 105377 composite?
True
Is 107191 prime?
False
Is 21415 prime?
False
Is 31001 composite?
True
Is 6331 prime?
False
Is 15391 a prime number?
True
Is 19901 prime?
False
Is 23726 prime?
False
Is 20477 composite?
False
Is 1226923 composite?
True
Is 2711597 a composite number?
True
Is 3974167 prime?
True
Is 179485 a composite number?
True
Is 74927 prime?
False
Is 121883 composite?
False
Is 92119 prime?
True
Is 7237 a prime number?
True
Is 75459 composite?
True
Is 215651 composite?
True
Is 587 a prime number?
True
Is 8069 prime?
True
Is 2533 a composite number?
True
Is 3647 prime?
False
Is 2851589 prime?
False
Is 9533 a prime number?
True
Is 5077 a composite number?
False
Is 13863 a prime number?
False
Is 1949867 a prime number?
False
Is 6449 a composite number?
False
Is 3359 a prime number?
True
Is 829461 a composite number?
True
Is 543239 a composite number?
True
Is 30538 a prime number?
False
Is 54187 prime?
False
Is 28189 prime?
False
Is 5073047 a composite number?
True
Is 195095 prime?
False
Is 2083637 prime?
False
Is 74407 a prime number?
False
Is 304157 a composite number?
True
Is 89137 a prime number?
True
Is 4643 composite?
False
Is 44483 composite?
False
Is 1710569 a composite number?
True
Is 327533 a composite number?
True
Is 34334 composite?
True
Is 20973 a composite number?
True
Is 41381 a composite number?
False
Is 24197 prime?
True
Is 143263 a prime number?
True
Is 180137 a prime number?
True
Is 27589 prime?
False
Is 25567 a prime number?
False
Is 31271 a composite number?
False
Is 64551 a prime number?
False
Is 3389 composite?
False
Is 3022055 composite?
True
Is 33049 a prime number?
True
Is 81143 composite?
True
Is 20267 a composite number?
True
Is 170207 a composite number?
False
Is 22343 a prime number?
True
Is 6326 a composite number?
True
Is 50261 a composite number?
False
Is 292067 a prime number?
False
Is 10529 composite?
False
Is 1985987 a prime number?
True
Is 44461 a composite number?
True
Is 30047 prime?
True
Is 734 prime?
False
Is 1182035 a composite number?
True
Is 33479 a composite number?
False
Is 25301 a composite number?
False
Is 15103 a composite number?
True
Is 1050611 a composite number?
False
Is 68311 prime?
True
Is 770683 a composite number?
True
Is 8989 composite?
True
Is 32527 composite?
True
Is 1623 a composite number?
True
Is 10037 prime?
True
Is 97013 a prime number?
False
Is 1532967 a composite number?
True
Is 275963 a composite number?
False
Is 233003 a composite number?
True
Is 4083 prime?
False
Is 18119 composite?
False
Is 623657 composite?
True
Is 158291 a prime number?
False
Is 4283 prime?
True
Is 70673 a composite number?
True
Is 1949 prime?
True
Is 7421 a prime number?
False
Is 2047 a composite number?
True
Is 9197 composite?
True
Is 95 prime?
False
Is 837721 prime?
True
Is 3134 a prime number?
False
Is 1211 composite?
True
Is 17023 composite?
True
Is 319171 composite?
True
Is 20467 a composite number?
True
Is 422945 prime?
False
Is 3248293 a composite number?
False
Is 1812467 a composite number?
True
Is 146573 a prime number?
False
Is 378641 prime?
False
Is 58481 a composite number?
False
Is 5143 a composite number?
True
Is 395429 composite?
False
Is 166354 a composite number?
True
Is 15859 composite?
False
Is 178645 a composite number?
True
Is 361421 a prime number?
True
Is 5573221 a composite number?
False
Is 5195 a composite number?
True
Is 4783 a prime number?
True
Is 53617 a composite number?
False
Is 19259 a prime number?
True
Is 4729 prime?
True
Is 56841 a composite number?
True
Is 8880371 composite?
False
Is 45209 a prime number?
False
Is 135697 a composite number?
False
Is 211441 composite?
False
Is 7993 composite?
False
Is 277741 a composite number?
False
Is 80174 a composite number?
True
Is 175447 prime?
True
Is 7639 a composite number?
False
Is 26911 prime?
False
Is 300445 composite?
True
Is 520259 a prime number?
False
Is 15634 prime?
False
Is 192229 prime?
True
Is 183805 prime?
False
Is 1191629 prime?
False
Is 5227 composite?
False
Is 2202497 composite?
True
Is 31462 a prime number?
False
Is 304253 prime?
True
Is 107313 a prime number?
False
Is 687454 a composite number?
True
Is 26927 prime?
True
Is 18293 prime?
False
Is 41257 a composite number?
False
Is 57 prime?
False
Is 10297 composite?
True
Is 69991 prime?
True
Is 142795 a composite number?
True
Is 65117 prime?
False
Is 66839 a prime number?
False
Is 184229 composite?
True
Is 12517 composite?
False
Is 21001 a composite number?
False
Is 1165 a composite number?
True
Is 47131 a composite number?
True
Is 3261 prime?
False
Is 131477 a prime number?
True
Is 109 composite?
False
Is 84779 composite?
True
Is 742891 a prime number?
True
Is 5195 composite?
True
Is 32894 prime?
False
Is 53 a prime number?
True
Is 4054991 prime?
False
Is 7609 composite?
True
Is 1259 a prime number?
True
Is 7997 prime?
False
Is 422537 a prime number?
True
Is 113991 prime?
False
Is 616829 a prime number?
True
Is 17555 prime?
False
Is 7717 a prime number?
True
Is 6757 prime?
False
Is 43093 prime?
True
Is 26903 a composite number?
False
Is 12269 prime?
True
Is 1801 composite?
False
Is 14743 a composite number?
True
Is 9409 composite?
True
Is 722647 a composite number?
True
Is 113977 prime?
False
Is 14699 composite?
False
Is 2308907 a composite number?
False
Is 38069 prime?
True
Is 404597 a composite number?
False
Is 45611 composite?
True
Is 40297 a composite number?
True
Is 737 prime?
False
Is 7151 prime?
True
Is 134903 composite?
True
Is 2203 composite?
False
Is 5507 a prime number?
True
Is 21561 composite?
True
Is 8962 prime?
False
Is 16301 composite?
False
Is 24997 a com